{"id":41,"date":"2019-12-27T16:18:44","date_gmt":"2019-12-27T15:18:44","guid":{"rendered":"http:\/\/www.le-tivano.com\/?page_id=41"},"modified":"2023-01-03T23:38:39","modified_gmt":"2023-01-03T22:38:39","slug":"la-carte","status":"publish","type":"page","link":"https:\/\/www.le-tivano.com\/index.php\/la-carte\/","title":{"rendered":"LA CARTE"},"content":{"rendered":"<p>&nbsp;<\/p>\n<h4 class=\"titre24\">Bateau de croisi\u00e8re LE TIVANO&#8230; la carte<\/h4>\n<p class=\"text14\">Prix : nous consulter<\/p>\n<p class=\"text14\">Un s\u00e9minaire \u00e0 organiser ? Une journ\u00e9e d&rsquo;entreprise ? Un mariage en pr\u00e9paration ?<\/p>\n<p>&nbsp;<\/p>\n<ul>\n<li><a href=\"http:\/\/www.le-tivano.com\/index.php\/la-carte\/petit-dejeuner\/\">Le petit d\u00e9jeuner<\/a><\/li>\n<\/ul>\n<ul>\n<li><a href=\"http:\/\/www.le-tivano.com\/index.php\/la-carte\/les-menus\/\">Les menus<\/a><\/li>\n<\/ul>\n<ul>\n<li><a href=\"http:\/\/www.le-tivano.com\/index.php\/la-carte\/cocktails\/\">Les cocktails<\/a><\/li>\n<\/ul>\n<ul>\n<li><a href=\"http:\/\/www.le-tivano.com\/index.php\/la-carte\/notre-cave\/\">Notre cave<\/a><\/li>\n<\/ul>\n<ul>\n<li><a href=\"http:\/\/www.le-tivano.com\/index.php\/la-carte\/options\/\">Les options<\/a><\/li>\n<\/ul>\n<p>&nbsp;<\/p>\n<p>&nbsp;<\/p>\n","protected":false},"excerpt":{"rendered":"<p>&nbsp; Bateau de croisi\u00e8re LE TIVANO&#8230; la carte Prix : nous consulter Un s\u00e9minaire \u00e0 organiser ? Une journ\u00e9e d&rsquo;entreprise ? Un mariage en pr\u00e9paration ? &nbsp; Le petit d\u00e9jeuner [&hellip;]<\/p>\n","protected":false},"author":1,"featured_media":0,"parent":0,"menu_order":0,"comment_status":"closed","ping_status":"closed","template":"","meta":[],"_links":{"self":[{"href":"https:\/\/www.le-tivano.com\/index.php\/wp-json\/wp\/v2\/pages\/41"}],"collection":[{"href":"https:\/\/www.le-tivano.com\/index.php\/wp-json\/wp\/v2\/pages"}],"about":[{"href":"https:\/\/www.le-tivano.com\/index.php\/wp-json\/wp\/v2\/types\/page"}],"author":[{"embeddable":true,"href":"https:\/\/www.le-tivano.com\/index.php\/wp-json\/wp\/v2\/users\/1"}],"replies":[{"embeddable":true,"href":"https:\/\/www.le-tivano.com\/index.php\/wp-json\/wp\/v2\/comments?post=41"}],"version-history":[{"count":9,"href":"https:\/\/www.le-tivano.com\/index.php\/wp-json\/wp\/v2\/pages\/41\/revisions"}],"predecessor-version":[{"id":565,"href":"https:\/\/www.le-tivano.com\/index.php\/wp-json\/wp\/v2\/pages\/41\/revisions\/565"}],"wp:attachment":[{"href":"https:\/\/www.le-tivano.com\/index.php\/wp-json\/wp\/v2\/media?parent=41"}],"curies":[{"name":"wp","href":"https:\/\/api.w.org\/{rel}","templated":true}]}}