{"id":33,"date":"2019-12-27T16:16:26","date_gmt":"2019-12-27T15:16:26","guid":{"rendered":"http:\/\/www.le-tivano.com\/?page_id=33"},"modified":"2023-01-04T00:19:58","modified_gmt":"2023-01-03T23:19:58","slug":"prestations","status":"publish","type":"page","link":"https:\/\/www.le-tivano.com\/index.php\/prestations\/","title":{"rendered":"PRESTATIONS"},"content":{"rendered":"<p>&nbsp;<\/p>\n<h4>Bateau de croisi\u00e8re LE TIVANO&#8230; nos prestations<\/h4>\n<ul>\n<li><a href=\"http:\/\/www.le-tivano.com\/index.php\/prestations\/soiree-a-theme\/\">d\u00eener croisi\u00e8re \u00e0 Paris<\/a><\/li>\n<li><a href=\"http:\/\/www.le-tivano.com\/index.php\/prestations\/soiree-evenementielle\/\">soir\u00e9e \u00e9v\u00e9nementielle<\/a><\/li>\n<li><a href=\"http:\/\/www.le-tivano.com\/index.php\/prestations\/animations-artistiques\/\">animations artistiques<\/a><\/li>\n<\/ul>\n<p>&nbsp;<\/p>\n<h4><img loading=\"lazy\" class=\"size-full wp-image-286 alignleft\" src=\"http:\/\/www.le-tivano.com\/wp-content\/uploads\/2020\/03\/soiree_cabaret.jpg\" alt=\"\" width=\"300\" height=\"375\" srcset=\"https:\/\/www.le-tivano.com\/wp-content\/uploads\/2020\/03\/soiree_cabaret.jpg 300w, https:\/\/www.le-tivano.com\/wp-content\/uploads\/2020\/03\/soiree_cabaret-240x300.jpg 240w\" sizes=\"(max-width: 300px) 100vw, 300px\" \/><\/h4>\n<h4>Spectacle \u00e0 th\u00e8me<\/h4>\n<p>Embarquez pour une croisi\u00e8re inoubliable et venez \u00e0 la rencontre des plus beaux monuments au c\u0153ur de la ville lumi\u00e8re.<\/p>\n<p><a href=\"http:\/\/www.le-tivano.com\/images\/2020_soiree-cabaret.pdf\" target=\"_blank\" rel=\"noopener noreferrer\">Pour en savoir plus, cliquez-ici !<\/a><\/p>\n<p>&nbsp;<\/p>\n<h4><\/h4>\n<h4>Soir\u00e9es discos<\/h4>\n<ul>\n<li>Embarquement Quai de Grenelle (Paris 15) pour des soir\u00e9es disco (repas, croisi\u00e8re, danseuses&#8230;) sur r\u00e9servation au 06 62 80 05 13.<\/li>\n<li><\/li>\n<li><a href=\"http:\/\/www.le-tivano.com\/images\/tivano_soiree-disco.pdf\" target=\"_blank\" rel=\"noopener noreferrer\">Plus d&rsquo;infos en cliquant ici !<\/a><\/li>\n<\/ul>\n<p>&nbsp;<\/p>\n","protected":false},"excerpt":{"rendered":"<p>&nbsp; Bateau de croisi\u00e8re LE TIVANO&#8230; nos prestations d\u00eener croisi\u00e8re \u00e0 Paris soir\u00e9e \u00e9v\u00e9nementielle animations artistiques &nbsp; Spectacle \u00e0 th\u00e8me Embarquez pour une croisi\u00e8re inoubliable et venez \u00e0 la rencontre [&hellip;]<\/p>\n","protected":false},"author":1,"featured_media":0,"parent":0,"menu_order":0,"comment_status":"closed","ping_status":"closed","template":"","meta":[],"_links":{"self":[{"href":"https:\/\/www.le-tivano.com\/index.php\/wp-json\/wp\/v2\/pages\/33"}],"collection":[{"href":"https:\/\/www.le-tivano.com\/index.php\/wp-json\/wp\/v2\/pages"}],"about":[{"href":"https:\/\/www.le-tivano.com\/index.php\/wp-json\/wp\/v2\/types\/page"}],"author":[{"embeddable":true,"href":"https:\/\/www.le-tivano.com\/index.php\/wp-json\/wp\/v2\/users\/1"}],"replies":[{"embeddable":true,"href":"https:\/\/www.le-tivano.com\/index.php\/wp-json\/wp\/v2\/comments?post=33"}],"version-history":[{"count":10,"href":"https:\/\/www.le-tivano.com\/index.php\/wp-json\/wp\/v2\/pages\/33\/revisions"}],"predecessor-version":[{"id":578,"href":"https:\/\/www.le-tivano.com\/index.php\/wp-json\/wp\/v2\/pages\/33\/revisions\/578"}],"wp:attachment":[{"href":"https:\/\/www.le-tivano.com\/index.php\/wp-json\/wp\/v2\/media?parent=33"}],"curies":[{"name":"wp","href":"https:\/\/api.w.org\/{rel}","templated":true}]}}