{"id":21,"date":"2019-12-27T16:13:32","date_gmt":"2019-12-27T15:13:32","guid":{"rendered":"http:\/\/www.le-tivano.com\/?page_id=21"},"modified":"2023-01-03T23:36:38","modified_gmt":"2023-01-03T22:36:38","slug":"escales","status":"publish","type":"page","link":"https:\/\/www.le-tivano.com\/index.php\/escales\/","title":{"rendered":"ESCALES"},"content":{"rendered":"<p>&nbsp;<\/p>\n<h5>Bateau Croisi\u00e8re LE TIVANO&#8230;<\/h5>\n<p>Afin de vous apporter une satisfaction optimale, l&rsquo;\u00e9quipe du TIVANO vous propose plusieurs escales ou points d\u2019embarquements pour vos croisi\u00e8res \u00e9v\u00e9nementielles compos\u00e9es sp\u00e9cialement pour votre demande.<\/p>\n<p>&nbsp;<\/p>\n<ul>\n<li style=\"text-align: left;\">Nos escales et points d&#8217;embarquement <a href=\"http:\/\/www.le-tivano.com\/index.php\/escales\/paris-75\/\">au d\u00e9part de Paris<\/a><\/li>\n<\/ul>\n<ul>\n<li style=\"text-align: left;\">Nos escales et points d&#8217;embarquement <a href=\"http:\/\/www.le-tivano.com\/index.php\/escales\/yvelines-78\/\">au d\u00e9part des Yvelines<\/a><\/li>\n<\/ul>\n<ul>\n<li style=\"text-align: left;\">Nos escales et points d&#8217;embarquement <a href=\"http:\/\/www.le-tivano.com\/index.php\/escales\/hauts-de-seine-92\/\">au d\u00e9part des Hauts de Seine<\/a><\/li>\n<\/ul>\n<ul>\n<li style=\"text-align: left;\">Nos escales et points d&#8217;embarquement <a href=\"http:\/\/www.le-tivano.com\/index.php\/escales\/val-doise-95\/\">au d\u00e9part du Val d&rsquo;Oise<\/a><\/li>\n<\/ul>\n<ul>\n<li style=\"text-align: left;\">Notre escale et point d&#8217;embarquement <a href=\"http:\/\/www.le-tivano.com\/index.php\/escales\/autre-dpt\/\">au d\u00e9part d&rsquo;autres d\u00e9partements<\/a><\/li>\n<\/ul>\n<p>&nbsp;<\/p>\n","protected":false},"excerpt":{"rendered":"<p>&nbsp; Bateau Croisi\u00e8re LE TIVANO&#8230; Afin de vous apporter une satisfaction optimale, l&rsquo;\u00e9quipe du TIVANO vous propose plusieurs escales ou points d\u2019embarquements pour vos croisi\u00e8res \u00e9v\u00e9nementielles compos\u00e9es sp\u00e9cialement pour votre [&hellip;]<\/p>\n","protected":false},"author":1,"featured_media":0,"parent":0,"menu_order":0,"comment_status":"closed","ping_status":"closed","template":"","meta":[],"_links":{"self":[{"href":"https:\/\/www.le-tivano.com\/index.php\/wp-json\/wp\/v2\/pages\/21"}],"collection":[{"href":"https:\/\/www.le-tivano.com\/index.php\/wp-json\/wp\/v2\/pages"}],"about":[{"href":"https:\/\/www.le-tivano.com\/index.php\/wp-json\/wp\/v2\/types\/page"}],"author":[{"embeddable":true,"href":"https:\/\/www.le-tivano.com\/index.php\/wp-json\/wp\/v2\/users\/1"}],"replies":[{"embeddable":true,"href":"https:\/\/www.le-tivano.com\/index.php\/wp-json\/wp\/v2\/comments?post=21"}],"version-history":[{"count":15,"href":"https:\/\/www.le-tivano.com\/index.php\/wp-json\/wp\/v2\/pages\/21\/revisions"}],"predecessor-version":[{"id":559,"href":"https:\/\/www.le-tivano.com\/index.php\/wp-json\/wp\/v2\/pages\/21\/revisions\/559"}],"wp:attachment":[{"href":"https:\/\/www.le-tivano.com\/index.php\/wp-json\/wp\/v2\/media?parent=21"}],"curies":[{"name":"wp","href":"https:\/\/api.w.org\/{rel}","templated":true}]}}